 is the ten thousands digit of 323733727?
3
What is the ten millions digit of 1344667824?
4
What is the tens digit of 603850235?
3
What is the units digit of 691262432?
2
What is the units digit of 72114190?
0
What is the tens digit of 662399448?
4
What is the millions digit of 78851376?
8
What is the ten thousands digit of 1898782890?
8
What is the thousands digit of 103367302?
7
What is the units digit of 177088893?
3
What is the hundreds digit of 19455839?
8
What is the units digit of 351237058?
8
What is the tens digit of 268310740?
4
What is the ten millions digit of 298089894?
9
What is the ten millions digit of 51816528?
5
What is the tens digit of 218911479?
7
What is the ten millions digit of 97474682?
9
What is the hundred millions digit of 130955366?
1
What is the billions digit of 1051161076?
1
What is the tens digit of 22064539?
3
What is the millions digit of 728365164?
8
What is the millions digit of 4679090?
4
What is the ten thousands digit of 100930340?
3
What is the thousands digit of 47363963?
3
What is the tens digit of 811533701?
0
What is the hundred millions digit of 2605350118?
6
What is the units digit of 962025855?
5
What is the tens digit of 495793961?
6
What is the hundred millions digit of 4054319009?
0
What is the ten thousands digit of 2861397837?
9
What is the thousands digit of 6180819?
0
What is the tens digit of 107122130?
3
What is the hundreds digit of 4808767376?
3
What is the ten millions digit of 1610721951?
1
What is the ten millions digit of 910788848?
1
What is the hundreds digit of 128418331?
3
What is the hundred millions digit of 152873835?
1
What is the hundred thousands digit of 3259890142?
8
What is the hundred millions digit of 1286312987?
2
What is the hundred thousands digit of 1618956702?
9
What is the units digit of 376997407?
7
What is the millions digit of 424841691?
4
What is the ten millions digit of 18745707?
1
What is the thousands digit of 1109703954?
3
What is the tens digit of 440065807?
0
What is the hundred millions digit of 311794485?
3
What is the hundreds digit of 3159562022?
0
What is the units digit of 75938855?
5
What is the units digit of 3968795154?
4
What is the thousands digit of 42411384?
1
What is the millions digit of 404189668?
4
What is the billions digit of 6092949351?
6
What is the hundreds digit of 1383984123?
1
What is the hundreds digit of 3332918111?
1
What is the units digit of 74266022?
2
What is the tens digit of 177439316?
1
What is the units digit of 6114019544?
4
What is the hundred thousands digit of 1472520457?
5
What is the units digit of 18508509?
9
What is the ten millions digit of 163878367?
6
What is the hundred millions digit of 800778324?
8
What is the units digit of 26258838?
8
What is the hundred thousands digit of 142497017?
4
What is the millions digit of 9057608?
9
What is the ten thousands digit of 475047664?
4
What is the hundreds digit of 1067884146?
1
What is the ten thousands digit of 128082056?
8
What is the hundred thousands digit of 12134142?
1
What is the ten thousands digit of 754068208?
6
What is the ten thousands digit of 10960041?
6
What is the billions digit of 5453198289?
5
What is the thousands digit of 166099666?
9
What is the ten millions digit of 6949520506?
4
What is the hundred thousands digit of 122932402?
9
What is the thousands digit of 943565758?
5
What is the units digit of 24030997?
7
What is the units digit of 93880598?
8
What is the tens digit of 12253757?
5
What is the units digit of 40367383?
3
What is the ten millions digit of 144624223?
4
What is the hundreds digit of 336573487?
4
What is the ten millions digit of 741407383?
4
What is the units digit of 54137156?
6
What is the thousands digit of 975993040?
3
What is the thousands digit of 35092453?
2
What is the hundreds digit of 227453223?
2
What is the hundred millions digit of 752219732?
7
What is the units digit of 458647777?
7
What is the hundred thousands digit of 158268669?
2
What is the billions digit of 7404748029?
7
What is the hundreds digit of 41266335?
3
What is the hundreds digit of 36934036?
0
What is the ten millions digit of 159573885?
5
What is the ten millions digit of 246229035?
4
What is the hundreds digit of 402793691?
6
What is the hundreds digit of 2613097181?
1
What is the ten thousands digit of 77866388?
6
What is the ten thousands digit of 52269346?
6
What is the units digit of 8560894?
4
What is the hundred millions digit of 2283094988?
2
What is the tens digit of 1564592145?
4
What is the ten thousands digit of 119538373?
3
What is the hundred thousands digit of 10753751?
7
What is the units digit of 99307102?
2
What is the units digit of 954470708?
8
What is the ten millions digit of 36193920?
3
What is the hundreds digit of 122677914?
9
What is the hundred thousands digit of 93161624?
1
What is the tens digit of 957742343?
4
What is the hundred thousands digit of 52869205?
8
What is the units digit of 1219353544?
4
What is the ten millions digit of 80853028?
8
What is the hundreds digit of 71064394?
3
What is the units digit of 771934492?
2
What is the tens digit of 3714066725?
2
What is the millions digit of 320780869?
0
What is the hundred thousands digit of 990636303?
6
What is the hundred thousands digit of 26442056?
4
What is the ten thousands digit of 613662979?
6
What is the ten millions digit of 284721802?
8
What is the hundreds digit of 2474184228?
2
What is the tens digit of 1039904228?
2
What is the tens digit of 938067177?
7
What is the thousands digit of 5530123698?
3
What is the tens digit of 301155197?
9
What is the ten thousands digit of 120376759?
7
What is the hundreds digit of 1245968632?
6
What is the millions digit of 38723928?
8
What is the ten thousands digit of 122969322?
6
What is the hundreds digit of 164758362?
3
What is the units digit of 203585624?
4
What is the units digit of 65798332?
2
What is the units digit of 59145615?
5
What is the thousands digit of 19920904?
0
What is the hundred thousands digit of 53037046?
0
What is the units digit of 9697017969?
9
What is the thousands digit of 115114555?
4
What is the ten millions digit of 1596952411?
9
What is the billions digit of 3762783789?
3
What is the ten millions digit of 176899478?
7
What is the millions digit of 1123172082?
3
What is the hundreds digit of 935770?
7
What is the units digit of 17640787?
7
What is the millions digit of 1228054565?
8
What is the hundreds digit of 569621721?
7
What is the tens digit of 1111106694?
9
What is the millions digit of 59709801?
9
What is the ten millions digit of 103082461?
0
What is the hundred millions digit of 165788636?
1
What is the units digit of 637490211?
1
What is the tens digit of 1227010?
1
What is the millions digit of 1340967659?
0
What is the hundreds digit of 48983341?
3
What is the thousands digit of 30429256?
9
What is the thousands digit of 929317202?
7
What is the ten thousands digit of 258751130?
5
What is the ten millions digit of 151801413?
5
What is the tens digit of 921915405?
0
What is the billions digit of 2481524057?
2
What is the thousands digit of 121667635?
7
What is the ten thousands digit of 752187897?
8
What is the hundreds digit of 47656132?
1
What is the hundreds digit of 540684039?
0
What is the hundred thousands digit of 426459?
4
What is the hundred millions digit of 510778048?
5
What is the millions digit of 244029746?
4
What is the hundred millions digit of 1757732006?
7
What is the hundred thousands digit of 2393720520?
7
What is the units digit of 2010139418?
8
What is the millions digit of 319999388?
9
What is the ten thousands digit of 721875224?
7
What is the hundred thousands digit of 1169034742?
0
What is the ten thousands digit of 41855409?
5
What is the hundreds digit of 129052158?
1
What is the millions digit of 61653913?
1
What is the ten millions digit of 52186404?
5
What is the ten thousands digit of 736654570?
5
What is the ten thousands digit of 210393399?
9
What is the tens digit of 104727094?
9
What is the thousands digit of 27446179?
6
What is the millions digit of 132474813?
2
What is the ten thousands digit of 41852536?
5
What is the hundred thousands digit of 6037328682?
3
What is the ten thousands digit of 127615956?
1
What is the billi